(u) = u**2 - 2*u - 13. Give m(4).
-5
Let z(f) = f**2 + 2*f - 12. Calculate z(-5).
3
Let q(i) = 88*i + 87. What is q(-1)?
-1
Let m(v) = 2*v**2 + 2*v - 16. What is m(-4)?
8
Let w(h) = -h**2 - 8*h + 18. What is w(-10)?
-2
Let y(i) = i**2 - 3*i - 3. What is y(-3)?
15
Let g(k) = -26*k**2 - 8*k + 5. Determine g(2).
-115
Let j(b) = -b**2 - 5. What is j(4)?
-21
Let x(u) = 3*u**2 + u + 1. What is x(-1)?
3
Let w(j) = 2*j**3 - 5*j - 3. Calculate w(-2).
-9
Let x(b) = b**3 + b**2 - 3*b + 1. Calculate x(-3).
-8
Let o(p) = -6*p - 47. Give o(6).
-83
Let m(x) = -x**2 - 4*x - 9. Give m(-7).
-30
Let v(o) = o**2 - 22*o - 46. Determine v(24).
2
Let q(f) = f - 3. What is q(4)?
1
Let n(u) = -2*u**2 - 4*u + 9. Give n(-5).
-21
Let j(h) = h**3 + 15*h**2 - 2*h + 8. Determine j(-15).
38
Let q(l) = 10*l - 1. What is q(2)?
19
Let i(o) = 34*o + 193. Give i(-6).
-11
Let t(f) = f**2 - 8*f - 4. Give t(9).
5
Let x(g) = -g**3 - 4*g**2 + 17*g + 11. Calculate x(-5).
-49
Let t(w) = -11*w - 32. Give t(2).
-54
Let q(t) = 3*t - 24. Calculate q(9).
3
Let q(u) = 3*u + 2. Give q(-2).
-4
Let a(q) = 2*q**2 - 28*q + 46. Calculate a(12).
-2
Let f(i) = -i**3 - 18*i**2 - i + 10. Calculate f(-18).
28
Let d(q) = q**3 - 4*q**2 - 4*q - 1. Calculate d(5).
4
Let y(v) = 2*v**3 + 4*v**2 - 2*v + 5. Calculate y(-4).
-51
Let a(b) = -3*b - 23. Give a(-6).
-5
Let v(x) = x**3 + 8*x**2 + x - 6. Give v(-7).
36
Let s(m) = m**2 + 23*m + 135. Calculate s(-10).
5
Let a(w) = -4*w**2 + 8. Calculate a(-5).
-92
Let r(h) = -9*h + 14. Calculate r(-3).
41
Let c(f) = -2*f + 6. Determine c(4).
-2
Let s(m) = -2*m**3 + 25*m**2 - 14*m + 28. Determine s(12).
4
Let x(g) = -2*g - 9. Give x(-11).
13
Let w(a) = -21*a - 3. What is w(-3)?
60
Let w(v) = -v**2 + 19*v - 16. Give w(20).
-36
Let i(t) = 4*t - 7. Calculate i(6).
17
Let g(d) = -4*d**2 + 28*d - 5. Give g(7).
-5
Let b(x) = x**2 + 12*x + 4. What is b(-10)?
-16
Let t(m) = -3*m - 35. Determine t(-14).
7
Let z(w) = 7*w - 19. What is z(2)?
-5
Let j(r) = 5*r + 9. Determine j(6).
39
Let t(c) = c - 48. Determine t(0).
-48
Let q(t) = -6*t + 84. Calculate q(15).
-6
Let j(i) = i**3 - 7*i**2 - 6*i + 3. Calculate j(8).
19
Let m(u) = 2*u**2 + 15*u - 8. Give m(-8).
0
Let q(o) = 3*o + 66. Give q(-10).
36
Let u(v) = -v**2 - 47*v + 42. Calculate u(-48).
-6
Let v(w) = -w**2 + w + 1. Determine v(3).
-5
Let n(f) = 5*f**2 - 7*f + 3. Determine n(4).
55
Let g(x) = -x**2 + 6*x + 1. Give g(4).
9
Let a(n) = 4*n + 253. What is a(-64)?
-3
Let w(p) = -p**3 - 2*p**2 + p - 3. Give w(3).
-45
Let l(p) = -2*p**2 - 30*p - 5. Give l(-9).
103
Let b(p) = -2*p**3 - 15*p**2 - 37*p - 30. Calculate b(-3).
0
Let m(d) = 6*d**2 - 27*d + 26. Give m(1).
5
Let t(f) = -2*f**2 - 15*f + 5. Determine t(-8).
-3
Let h(r) = 11*r - 25. Determine h(2).
-3
Let c(h) = -h**2 - 4*h - 1. What is c(-4)?
-1
Let r(v) = v**3 - 8*v**2 + 16*v - 2. Determine r(5).
3
Let m(y) = -4*y. Calculate m(4).
-16
Let i(w) = 13*w - 10. Give i(-3).
-49
Let p(q) = 6*q**2 - q + 1. What is p(1)?
6
Let k(i) = -i**2 + 47*i + 5. Determine k(47).
5
Let t(l) = l**2 - 13*l + 17. Determine t(12).
5
Let w(v) = -v**3 + 17*v**2 - 34*v + 65. What is w(15)?
5
Let w(t) = -t**2 + 9*t + 2. Give w(8).
10
Let a(u) = 2*u**2 + 3*u - 13. Determine a(-3).
-4
Let k(t) = 3*t**3 + 2*t**2 + t + 4. Calculate k(-2).
-14
Let a(p) = 4*p**2 + p + 1. Give a(-1).
4
Let d(g) = 80*g + 208. Give d(-3).
-32
Let a(v) = -v**3 + 5*v**2 + 2*v + 6. Determine a(6).
-18
Let b(a) = -2*a**3 - 18*a**2 - 3*a - 31. What is b(-9)?
-4
Let g(s) = s**2 - 11*s + 21. What is g(10)?
11
Let b(p) = -p**2 + p + 5. Give b(5).
-15
Let y(s) = 3*s. Determine y(2).
6
Let m(u) = -u**3 + 5*u**2. Give m(4).
16
Let n(p) = 6*p + 17. Give n(-9).
-37
Let r(n) = -59*n - 642. What is r(-11)?
7
Let g(u) = u**2 + 22*u + 42. Calculate g(-19).
-15
Let u(q) = -q**3 - 13*q**2 - 9*q + 27. Determine u(-12).
-9
Let c(o) = o**2 - o - 3. Calculate c(6).
27
Let n(u) = -u**3 + 7*u**2 + 6*u + 9. What is n(8)?
-7
Let p(y) = -5*y - 3. Determine p(2).
-13
Let r(p) = p**3 - 6*p**2 - 18*p - 20. What is r(9)?
61
Let w(x) = -x**2 - 24*x + 27. Calculate w(-25).
2
Let d(j) = -j + 70. Give d(56).
14
Let w(i) = i**3 - 19*i**2 - 42*i + 7. What is w(21)?
7
Let l(g) = -5*g + 12. Give l(5).
-13
Let c(y) = 17*y + 5. Give c(3).
56
Let g(z) = 3*z**2 - z - 1. Calculate g(-1).
3
Let t(i) = -i**3 - 2*i**2 + 13*i - 8. Calculate t(-6).
58
Let n(a) = 2*a + 11. What is n(-9)?
-7
Let z(i) = -3*i - 14. Determine z(-6).
4
Let b(o) = o**3 + 17*o**2 - 20*o - 28. Determine b(-18).
8
Let w(s) = 62*s + 1554. What is w(-25)?
4
Let u(j) = 3*j - 35. Give u(4).
-23
Let k(g) = -3*g**3 + 11*g - 9. Calculate k(4).
-157
Let k(m) = -13*m - 3. Determine k(1).
-16
Let v(m) = 27*m - 100. What is v(4)?
8
Let g(v) = 4*v + 20. Calculate g(6).
44
Let m(s) = -s**2 + 5*s + 10. Calculate m(-6).
-56
Let f(u) = -2*u**3 + 28*u**2 - u + 6. Calculate f(14).
-8
Let n(z) = 4*z**2 + 9*z - 12. What is n(5)?
133
Let o(r) = 19*r + 66. Determine o(-7).
-67
Let r(b) = b**3 + 3*b**2 - 3*b + 12. What is r(-6)?
-78
Let m(o) = 5*o - 21. What is m(7)?
14
Let r(k) = -k**3 + 7*k**2 - 2*k + 4. Give r(8).
-76
Let i(o) = -o + 1. Give i(2).
-1
Let p(x) = -x**3 + 8*x**2 - 7*x + 4. Determine p(6).
34
Let n(m) = m**3 + 3*m**2 - 13*m - 8. Give n(-5).
7
Let h(q) = -2*q**2 + 14*q - 11. Determine h(5).
9
Let o(j) = 13*j + 4. Give o(-2).
-22
Let b(g) = -g + 4. What is b(5)?
-1
Let n(x) = 171*x + 1712. Calculate n(-10).
2
Let u(n) = -n**2 + 2*n + 1. Give u(-5).
-34
Let c(z) = -z**3 - 8*z**2 - 10*z + 2. What is c(-7)?
23
Let i(g) = 2*g - 7. Give i(4).
1
Let n(s) = -s**2 - 20*s - 27. What is n(-18)?
9
Let q(m) = -2*m**3 + 3*m + 1. Give q(2).
-9
Let z(n) = n**2 - 9*n - 16. Give z(10).
-6
Let u(j) = -j**2 + 97. Calculate u(0).
97
Let p(n) = -n**3 + 15*n**2 - 54*n - 13. Determine p(7).
1
Let d(m) = m**3 + 12*m**2 + 2. What is d(-12)?
2
Let a(o) = 17*o - 363. Calculate a(21).
-6
Let c(s) = s**3 + s**2 - s - 7. What is c(0)?
-7
Let h(g) = -g + 24. Calculate h(14).
10
Let c(q) = -17*q + 101. What is c(5)?
16
Let q(g) = 2*g**2 - 10*g + 17. Determine q(3).
5
Let y(i) = i**2 - 8*i + 1. Calculate y(7).
-6
Let r(f) = -14*f**3 - f**2 + 1. Determine r(1).
-14
Let t(v) = 2*v**3 + 18*v**2 - 23*v - 38. Determine t(-10).
-8
Let f(z) = -12*z + 54. Determine f(5).
-6
Let i(a) = -a**3 - 3*a**2 + 39*a - 18. Determine i(-8).
-10
Let p(l) = 14*l - 59. Calculate p(0).
-59
Let r(o) = o**3 - 5*o**2 + 2*o - 7. What is r(5)?
3
Let o(r) = -r**2. Give o(4).
-16
Let c(z) = 2*z**2 + 3*z - 2. What is c(-3)?
7
Let z(r) = -r**2 - r + 2. Determine z(-3).
-4
Let x(l) = 5*l + 1. Determine x(1).
6
Let x(v) = -2*v + 8. Give x(9).
-10
Let u(a) = -2*a**2 - a + 7. Give u(-3).
-8
Let v(x) = x**3 + 11*x**2 - 11*x + 12. Determine v(-12).
0
Let t(v) = v**2 + 4*v - 5. Determine t(4).
27
Let x(a) = 13*a - 1. Calculate x(-3).
-40
Let j(v) = 3*v**2 + 9*v - 30. Determine j(0).
-30
Let l(v) = -2*v**2 - 8*v + 16. Give l(6).
-104
Let h(f) = -f**3 + f**2 + f - 5. Calculate h(3).
-20
Let i(v) = -v + 5. Calculate i(1).
4
Let t(r) = 11*r**3 - 3*r**2 - r + 1. Calculate t(-1).
-12
Let c(u) = u - 32. Calculate c(-3).
-35
Let k(c) = c + 6. Determine k(-8).
-2
Let u(f) = -f**3 - 2*f**2 + 5*f - 3. What is u(3)?
-33
Let m(y) = -9*y + 2. What is m(0)?
2
Let g(a) = -2*a - 40. Calculate g(-16).
-8
Let b(d) = -2*d**2 + 3*d - 2. Give b(2).
-4
Let o(a) = -a**3 - 5*a**2 - 2*a + 12. Give o(-4).
4
Let c(k) = -k**3 - 12*k**2 + k + 1. What is c(-12)?
-11
Let q(i) = i**3 - 4*i**2 - 2. Determine q(3).
-11
Let l(a) = a**3 - 5*a**2 + a - 4. Determine l(5).
1
Let b(i) = -i**3 + 35*i**2 + i - 35. Calculate b(35).
0
Let s(n) = 10*n - 4. Determine s(2).
16
Let j(q) = 8*q + 28. Calculate j(3).
52
Let z(t) = -t**3 - 7*t**2 + 9*t + 8. Give z(-8).
0
Let z(j) = j**3 - j + 2. Calculate z(2).
8
Let d(k) = k**2 - 3*k - 72. Calculate d(10).
-2
Let k(i) = -7*i + 1. Give k(1).
-6
Let n(r) = 91*r + 198. Determine n(-2).
16
Let t(c) = 11*c - 15. Give t(14).
139
Let h(v) = 13*v - 1. Determine h(-2).
-27
Let f(l) = -7*l**2 - 29*l - 3. What is f(-4)?
1
Let k(w) = -3*w + 13. What is k(4)?
1
Let s(c) = -c**2 + 10*c - 40. Give s(9).
-31
Let d(n) = n**3 - 7*n**2 + 4. Calculate d(7).
4
Let c(t) = t**2 - 5*t + 9. What is c(7)?
23
Let a(x) = -92*x + 3. Determine a(-1).
95
Let g(t) = -4*t**3 + 23*t**2 - t + 14. What is g(6)?
-28
L